 0. Let k(x) = -49*x**3 - x**2 - 2*x - 1. What are the prime factors of k(c)?
7
Suppose -h + 320 = h. Suppose 0 = -5*q - l - h, 0 = q + 3*l + 7 + 39. Let o = 65 + q. What are the prime factors of o?
2, 17
Let m be ((-21)/(-12))/((-2)/(-8)). Suppose 11*u = m*u + 444. List the prime factors of u.
3, 37
Let n(z) be the first derivative of -3*z**4/4 - 8*z**3/3 + 13*z - 40. List the prime factors of n(-5).
2, 47
Let j be (9/(-4))/((-8)/(-224)). Let l = j - -123. List the prime factors of l.
2, 3, 5
Suppose 4*s = -21 + 5, 0 = 4*f - s - 8. Let o be (-8 - -2) + 0 - f. Let w(q) = -5*q - 13. List the prime factors of w(o).
2, 11
Let u(q) = 11*q - 2. Let r be u(1). Let h be 14/(-63) + (-52)/r. What are the prime factors of h/8 + 495/20?
2, 3
Let f = 1 + 6. Suppose 11*c = f*c + 424. What are the prime factors of c?
2, 53
Suppose 4*u = 7*u - 3*w - 5595, -2*u - 3*w + 3720 = 0. List the prime factors of u.
3, 23
Suppose -i - 2 = -7. Suppose i*q = -3*q + 56. What are the prime factors of q?
7
Suppose -10*j + 7777 = -2543. List the prime factors of j.
2, 3, 43
Let d be (2 - -1)/((-1)/2). Let y be (d/15)/(1/(-30)). Suppose 0 = -2*g - 2*g + y. List the prime factors of g.
3
Let d = 164 + -93. Let a = d - 24. What are the prime factors of a?
47
Let v(u) be the first derivative of u**4/2 - 16*u**3/3 + 12*u**2 + u - 17. What are the prime factors of v(7)?
71
Suppose 10*h - 17527 = 2063. List the prime factors of h.
3, 653
Suppose 76*k - 2406 = 74*k - 3*t, -3*k = -3*t - 3639. List the prime factors of k.
3, 13, 31
Let g = 126 + -89. Suppose -o - 26 = -g. List the prime factors of o.
11
Let w(b) = b. Let d(g) = -g**2 - 8*g - 10. Let t(i) = -d(i) - 2*w(i). List the prime factors of t(-10).
2, 5
Let n be 6/14 + (-73)/7. Let a(b) = -b - 8. Let t be a(n). Suppose 4*f - t*f = g - 12, g = -4*f + 12. What are the prime factors of g?
2, 3
Let g(a) = 2*a**2 + 7*a + 6. Let t be g(-5). Let y be 826/t*9/6. Let f = y + -34. What are the prime factors of f?
5
Suppose -3*b = -2*q + 753, -3*b + 1878 = 5*q - 6*b. Let f = -136 + q. List the prime factors of f.
239
Let v(d) = -75*d**3 - 3*d**2 + 3*d + 4. What are the prime factors of v(-3)?
1993
Let d(w) = 9*w + 6. Let u be d(1). Suppose -u*k + 25*k = 2660. List the prime factors of k.
2, 7, 19
Let q be 4*-1*(-27)/36. List the prime factors of ((-3)/(-2))/(q/58).
29
Suppose 0 = 4*u - 4*b - 9540, 11*u - 16*u - b = -11919. List the prime factors of u.
2, 149
Let c(o) = o**3 + o**2 - 3*o - 1. Let h(n) = n - 3. Let v be h(3). Let t = 3 + v. List the prime factors of c(t).
2, 13
Suppose -2402 = -10*u + 638. List the prime factors of u.
2, 19
Let h be (4/(-2) - (-15)/6)*8. Suppose -15 = -3*v, -5*f = -h*v - 420 - 0. What are the prime factors of f?
2, 11
Let s(l) = -l - 1. Let n be s(6). Let z = -4 - n. List the prime factors of ((z + -26)*-4)/2.
2, 23
Let s = -86 + 37. Let h = -30 - s. List the prime factors of h.
19
Let m(q) be the second derivative of q**6/4 - q**3/6 - 2*q**2 - 6*q. Let h(r) be the first derivative of m(r). What are the prime factors of h(1)?
29
Let b(i) = i + 19. Let l be b(-17). Suppose l*m - 14 = 6. List the prime factors of m.
2, 5
Let p be (4/10)/((-3)/(-1575)). Suppose 22*y = 17*y + p. List the prime factors of y.
2, 3, 7
Suppose 4*x + 7*r = 4*r + 2744, 4*r = x - 667. What are the prime factors of x?
683
Suppose -4*x + 2*x + 2344 = 5*h, x + 3*h = 1174. List the prime factors of x.
2, 7, 83
List the prime factors of (5/100*10)/(1/22).
11
Let r = 32 - 14. Suppose 0 = g - r - 0. Suppose -b = -4*x + 130, b - g = -x + 17. What are the prime factors of x?
3, 11
Let u(y) = 140*y - 19. Let x(q) = 93*q - 13. Let k(n) = 5*u(n) - 8*x(n). List the prime factors of k(-6).
3, 7, 13
Let n(g) = 2*g**3 + 4*g**2 + 8*g + 5. List the prime factors of n(6).
17, 37
Let o(t) = 5*t**3 - 2*t**3 - 2*t**3 - 17 - 6*t**2 - 3*t + 4*t. List the prime factors of o(7).
3, 13
Suppose -66 = -f + 49. Suppose 0 = 3*q - 3*p - 123, 4*p = 5*q - f - 89. What are the prime factors of q?
2, 5
Suppose -1867 - 1130 = -9*x. What are the prime factors of x?
3, 37
Suppose 4*w = -5*j + 2*w + 3, 0 = 4*j + w. What are the prime factors of j*3*(-682)/33?
2, 31
Let d(i) = 354*i**2 - 14. List the prime factors of d(2).
2, 701
Let l be (-4)/20 - (-201)/5. Let d = 14 + l. Suppose -3*k = -6*k + d. What are the prime factors of k?
2, 3
What are the prime factors of 3/4*2636 - -3?
2, 3, 5, 11
Suppose 5*t - 1154 = -2*d - 237, 5*t - 451 = -d. What are the prime factors of d?
2, 233
Let x be (0 + 76 + 0)/((-8)/(-32)). Suppose 0 = 8*n - 376 - x. List the prime factors of n.
5, 17
Suppose 34*l - 20*l - 22400 = 0. What are the prime factors of l?
2, 5
Suppose 2*l = -l - 2*r + 9, 5*l - 3*r - 15 = 0. Suppose 0 = -5*f + c + 306, 2*c + 5 = -l*c. List the prime factors of f.
61
Let l(t) = -334*t**3 + 2*t**2 + 4*t + 1. List the prime factors of l(-1).
3, 37
Let s be (-12832)/(-112) - (-4)/(-7). Suppose 3*g - s - 111 = 0. What are the prime factors of g?
3, 5
What are the prime factors of -3 - (-9 - 1537)*1?
1543
Let d(z) = 2 + 3 + z - 6 - 3. Let k be d(4). Let x(h) = -h**3 + h**2 + 20. List the prime factors of x(k).
2, 5
Let t(m) = -4029*m**3 - m - 2. What are the prime factors of t(-1)?
2, 19, 53
Let m(k) = 65*k + 2. Let c be m(2). Let b = -24 + c. List the prime factors of b.
2, 3
Suppose 4*t - 8*t = -12. Suppose t*q + d - 129 + 24 = 0, q - 2*d = 35. List the prime factors of q.
5, 7
Suppose 3*r + 1677 = 3*u - 10638, 4080 = u + 4*r. What are the prime factors of u?
2, 5, 41
Suppose 5*l + 83 = -27. Let u = -18 - l. Let y(n) = 8*n - 1. What are the prime factors of y(u)?
31
Let l(m) be the third derivative of m**3 + 1/24*m**4 + 0 + 0*m + 3*m**2. What are the prime factors of l(13)?
19
Let t = 139 - 61. Suppose 0*k = 2*k - t. List the prime factors of k.
3, 13
Suppose -2*x + p + 1115 = 0, -3*p - 707 + 137 = -x. What are the prime factors of x?
3, 5, 37
Let q(w) = -3 - 11 - 6*w + 9*w - 10*w. Let i be q(-4). Let m = i - 8. What are the prime factors of m?
2, 3
Let a be 60/14 - (-12)/(-42). Suppose 0 = a*b - 1 - 11. Suppose -3*j + 5*u = -31, 0 = b*j + u - 18 - 19. List the prime factors of j.
2, 3
Let t(m) be the third derivative of 7*m**4/24 + 35*m**3/3 - 19*m**2. What are the prime factors of t(0)?
2, 5, 7
Suppose 0 = -5*l - 0*l - 645. Let h = l - -193. List the prime factors of h.
2
List the prime factors of -12*15/10*510/(-9).
2, 3, 5, 17
Suppose -55 = 4*g - 7. Let q be 5 + 0*4/g. Suppose q - 57 = -2*h. What are the prime factors of h?
2, 13
Let s = 28 - 28. Suppose 0 = -s*y - y + 66. List the prime factors of y.
2, 3, 11
Suppose -2*b + 0*z = -4*z - 1120, 10 = -2*z. List the prime factors of b.
2, 5, 11
Let o(d) = 18*d - 12. Let v(r) = r**3 - 14*r**2 - 15*r + 5. Let w be v(15). List the prime factors of o(w).
2, 3, 13
Suppose 404 = 4*v - 0*v + 4*z, -3*v + 306 = 2*z. Let l = 148 - v. List the prime factors of l.
2, 11
Let s(r) = 3*r + 14. Let k be s(6). Let u = 79 - k. What are the prime factors of u?
47
Let d be (5 + 305/(-20))/((-2)/40). Let x = d - 77. List the prime factors of x.
2
Let l = -1412 - -2093. What are the prime factors of l?
3, 227
Let h be 2/(-3)*15/5. Let p be 1/h - (-326)/(-4). What are the prime factors of 1/(-2) + p/(-4)?
2, 5
Let u(c) = c**3 - c**2 - 5*c + 5. Let h be (2/3)/((-18)/(-297)). Suppose 3*v = h + 1. What are the prime factors of u(v)?
3, 11
Let k = 459 - 315. Let s = -48 + k. Suppose 0*m + 3*q + s = 3*m, 2*m - 5*q = 55. List the prime factors of m.
5, 7
Let c(k) = k + 10. Let a be c(12). Suppose d = -a + 45. List the prime factors of d.
23
Let o(h) = h**3 + 7*h**2 + 2*h + 5. Suppose 4*r + 8 = 5*r. Suppose -5*u + r*x - 3*x = 40, u + x = -2. What are the prime factors of o(u)?
3, 5
Suppose 0 = 12*v + 153 + 39. Let o(i) be the third derivative of -i**6/120 - i**5/4 + 5*i**4/8 - 5*i**3/3 - 2*i**2. What are the prime factors of o(v)?
2, 3
Suppose -797 = -2*u + 359. Suppose -5*q - 2*o + 714 = 0, 2*q = -2*q - 5*o + u. What are the prime factors of q?
2, 71
Suppose 17 = -2*i - 5*o - 134, -65 = i - o. Let l = i - -99. What are the prime factors of l?
31
Suppose 0 = 3*v - v - 12. Suppose -2*o = -0 - v. What are the prime factors of o?
3
Suppose 0 = -5*m - 5*w + 705, -7*m - 4*w = -4*m - 424. What are the prime factors of m?
2, 5, 7
Let w = -19 - -23. Suppose -